n divisor of 13 and i?
13
Let h = -30 + 45. Let b be (7 - 3 - 7) + 3. Suppose 2*v + 6 = b, -4*v + 13 = 5*f - 5. Calculate the greatest common divisor of h and f.
3
Suppose 0 = -v + 2, -4*h = 170*v - 168*v - 2164. What is the greatest common divisor of h and 252?
36
Let y be ((-21)/14)/(2/36). Let c be y*((-3)/(-2) - (-65)/(-30)). Suppose -n + 45 = 4*n. Calculate the greatest common factor of c and n.
9
Suppose 0*v = -2*k + 4*v + 82, -131 = -3*k + 2*v. Suppose y - 3*s - 15 = k, -248 = -5*y + 2*s. Calculate the greatest common divisor of 36 and y.
12
Suppose -4*s = -5*w + w + 172, w + 2*s = 43. Calculate the highest common factor of 473 and w.
43
Let s be (-6)/(1428/(-1404) - -1). What is the highest common factor of s and 63?
9
Let f = 12 + -44. Let a = f - -80. Calculate the greatest common divisor of a and 6.
6
Suppose 4*b = -4*n + 40, 4*n - 2*b - 10 = -0*n. Suppose -i + 2 = -n. Calculate the greatest common factor of 1 and i.
1
Suppose -4*v = -5*u + 3, 4*u + 0*u = -4*v + 24. Suppose v*k = -9, 0 = -b - 2*b - 4*k + 12. What is the greatest common divisor of b and 12?
4
Let j = -23 + 34. Calculate the greatest common divisor of j and 99.
11
Let t(o) = -13*o**2 - 233*o + 26. Let c be t(-18). What is the highest common divisor of c and 712?
8
Let a be (-7 - -6 - -443) + 14/7. Calculate the greatest common divisor of 740 and a.
148
Let s = -87 - -211. Calculate the highest common factor of s and 31.
31
Let a = -12 + 42. Let d be -36*(2/(-8))/(6734/420 - 16). What is the highest common factor of d and a?
30
Let k = -12 - -12. Let o = k - -2. Let s be o/2*(10 + -6). What is the greatest common divisor of s and 4?
4
Let i = -12 - -24. Suppose 5*b - 4 = 2*o, b + 4 + 2 = -3*o. Let k(c) = -c**3 + c**2 + 2*c + 48. Let m be k(b). What is the greatest common factor of m and i?
12
Suppose 13*a = 11*a + 160. What is the greatest common factor of a and 48?
16
Let w(a) = -25*a + 2876. Let h be w(113). Let q(u) = 3*u**3 + u**2 + 2*u - 2. Let r be q(5). Calculate the greatest common factor of h and r.
51
Suppose -2*b + 2 + 4 = 0, 3*b + 27 = 2*l. What is the highest common factor of 558 and l?
18
Let u(i) = -82*i - 22. Let s be u(6). Let v = -322 - s. Calculate the highest common factor of 64 and v.
64
Let p(n) = -n**2 + 8*n + 6. Let q(g) = -3*g - 5. Let d be q(-4). Let l be p(d). Suppose 2*i + l = 65. What is the highest common divisor of i and 13?
13
Let j be (-7)/((-42)/(-162))*-31. What is the greatest common factor of j and 54?
27
Suppose 4*k - 371 - 54 = -5*f, 4*k + 170 = 2*f. Calculate the greatest common divisor of 68 and f.
17
Let z be (-10)/8 + (-75)/(-60) - -55. What is the highest common divisor of 33 and z?
11
Let s(c) = c**3 + 19*c**2 - 2*c - 9. Let y be s(-17). What is the highest common divisor of 67 and y?
67
Suppose 12 + 0 = 4*b. Suppose 0 = 2*f + 3*l - 16, 3*f + 4*l + 58 = 6*f. Suppose 0 = b*d - 2*d - f. What is the greatest common divisor of 14 and d?
14
Let w(v) = v**3 + 15*v**2 + 3*v + 49. Let t be w(-15). Suppose 6*k - t*k - 6 = -b, 48 = 3*b - 4*k. Calculate the greatest common factor of b and 15.
3
Suppose i = -446 + 501. Let o be (-8)/20 - 104/(-10). Let w be 4/o - (-46)/10. Calculate the greatest common factor of w and i.
5
Let m be (-2)/(-4) - (-95)/10. Let c = 92 + -52. What is the highest common factor of c and m?
10
Suppose 9*f = -5*t + 14*f + 1085, 424 = 2*t + 3*f. Calculate the highest common factor of t and 43.
43
Let j = 140 + -93. Let a = j + 43. Calculate the highest common factor of 36 and a.
18
Suppose -6553 = -14*f + 1973. Calculate the highest common divisor of 21 and f.
21
Suppose -n + 52 = -4*g, -89 + 241 = 4*n - 2*g. Let j(m) = -2*m**2 - 65*m + 69. Let b be j(-33). Calculate the greatest common divisor of n and b.
36
Suppose a + a = 22. Suppose 3*i + h - 4 = 10, -2*h = 3*i - 16. Let o be ((-605)/(-22))/(2/i). What is the greatest common divisor of o and a?
11
Let p = 56 - 51. Let n be (6 - 1)/((-5)/5). Let v = n - -10. Calculate the highest common factor of v and p.
5
Let x(v) = -2*v**2 + 51*v - 184. Let t be x(20). Calculate the highest common factor of t and 1494.
18
Let h be -35*(0 + -1) + 1. Suppose 3*l = -0 + 12. Suppose -2*u = -l*u + 18. Calculate the highest common factor of u and h.
9
Let y be ((-9)/6)/((-2)/(-4)) - -5. Let b = 2 - -1. Suppose 5*c - 85 = -5*f, f = -y*c - b*f + 32. Calculate the greatest common factor of 6 and c.
6
Suppose -53 + 101 = 6*q. Calculate the highest common divisor of q and 376.
8
Suppose -112 = -z - 3*z. Let k be (-15)/((-45)/(-24)) + 12. What is the greatest common divisor of z and k?
4
Let m(g) = g**3 + 31*g**2 - 74*g - 77. Suppose 2*f = -4*h - 130, h - 5*f = -9*f - 29. Let c be m(h). What is the highest common factor of 17 and c?
17
Suppose 7*z - 2*z = -5*d + 325, z = -3*d + 71. Let f = z + 78. Calculate the highest common factor of f and 28.
28
Let s(i) = -i**3 - 10*i**2 + 4*i + 3. Let m be s(-11). Suppose m = 4*g - 48. What is the highest common factor of 80 and g?
16
Suppose 16 = -4*s, 0 = -6*n + 3*n + s + 46. What is the highest common factor of n and 994?
14
Let k = -151 + 157. What is the greatest common factor of k and 14?
2
Suppose -21 = -4*d + o, 2 - 5 = -d + o. Let z = 144 + -101. Let m = z - 28. What is the highest common divisor of d and m?
3
Suppose -52*p = -54*p + 150. Let u = 17 - 2. Calculate the highest common factor of p and u.
15
Let v = 12 + -10. Suppose 136 = x + 2*r, x + v*r = -2*x + 392. Calculate the greatest common divisor of x and 16.
16
Suppose -2*a + 59 = -105. Let r be a - 2*2/(-2). Calculate the highest common factor of 12 and r.
12
Let i = 9 + -6. Let h be (-15)/(-1) - i*1. Suppose 13 = -2*z + 37. Calculate the greatest common factor of z and h.
12
Suppose 7*j + 327 = 10*j. Suppose v = 5*a + 225, 3*a + 3*v + 135 = v. Let r = j + a. What is the highest common factor of r and 160?
32
Let q = 237 + 476. What is the greatest common factor of q and 62?
31
Let f be ((-11)/(-3))/((-2)/12). Let l = 34 + f. Let b be (-4 + -7 - -2)/(87/(-232)). Calculate the greatest common divisor of l and b.
12
Let f = -59 + 38. Let r = -5 - f. Suppose -4*d - 3*w = -d - 51, 0 = -4*w - r. Calculate the greatest common factor of 84 and d.
21
Suppose 3*g = 4*t - 114 + 430, 5*g - 3*t - 523 = 0. Calculate the greatest common divisor of g and 8.
8
Suppose -8*f + 924 = -4*f. Calculate the highest common factor of 63 and f.
21
Let s be ((-222)/13)/(-6) + (-4)/(-26). Suppose 85 - 274 = -s*d. What is the highest common divisor of 42 and d?
21
Let y be (8/12)/((-1)/(-3)). Let g(x) = -59*x + 244. Let q be g(4). Calculate the greatest common factor of q and y.
2
Let b(n) = n**2 + 2*n + 8. Let h be b(8). Calculate the highest common factor of h and 104.
8
Let l(w) = 4*w - 20. Let x be l(12). Calculate the greatest common factor of 448 and x.
28
Let a be (-3 - -70) + -38 + 39. Calculate the greatest common divisor of a and 884.
68
Let z(f) = -f**2 + 98. Let u be z(0). Let t = -32 + 34. Suppose 0 = -t*h - 0 + 28. Calculate the highest common factor of h and u.
14
Let f(c) = -c**3 + 24*c**2 + c + 6. Let v be f(24). Let s(o) = 11*o**3 - 2*o**2 - 2*o - 3. Let a be s(3). What is the greatest common factor of a and v?
30
Suppose -4*z - 8 = -0*z. Let o(c) = -c**3 + 2*c**2 - 2. Let n be o(z). Suppose 0 = -3*w - 11 + 305. Calculate the highest common factor of w and n.
14
Let l be 8 + (114 + 8 - 5). What is the highest common divisor of 25 and l?
25
Suppose -98*y + 30723 - 343 = 0. Calculate the greatest common factor of 10 and y.
10
Suppose -11 = -5*u + 49. Let y(p) = -p**2 + 42*p + 130. Let r be y(44). Calculate the highest common factor of r and u.
6
Suppose -3*l + 28 = 22. Calculate the greatest common factor of 2 and l.
2
Suppose 23*q + 240 = 7*q. Let t be (-4)/(2 + 0) + 38. Let h = t + q. Calculate the highest common divisor of 7 and h.
7
Suppose -5*w - 9 = -8*w. Suppose 0 = w*v - 0*y - 5*y - 26, 4*y = -4*v + 56. What is the greatest common factor of 192 and v?
12
Let z be (0 + 3)/(2 + -1). Let l = 303 + -563. Let g = l - -275. What is the highest common divisor of g and z?
3
Suppose 5*b = 3*w - 15, -6*w + 4*w = -b - 10. Suppose -16 = -4*v, -142 = -s - b*s + 3*v. What is the greatest common factor of 14 and s?
14
Let y(w) = 1475*w**2 + 17*w - 17. Let b be y(1). Calculate the greatest commo